 Calculate the remainder when o is divided by 3/(4 + (-11)/3).
7
What is the remainder when 136 is divided by ((-18)/(-7))/(4/56)?
28
Let o = 6 - 10. Let b(c) = c**3 + 3*c**2 + 3*c + 1. Let z be b(-2). What is the remainder when z/(-3)*(53 - o) is divided by 10?
9
Suppose 0 = -2*z - 4 + 14. What is the remainder when z is divided by 3*(-4)/12*-3?
2
Suppose 6*o - 125 = o. Let l(s) = -s**3 + 5*s**2 - s - 1. Suppose -3*x = 2*x + 2*u - 14, -2*x - 5*u + 14 = 0. Calculate the remainder when o is divided by l(x).
7
Suppose -z + 1 = u + u, 3*u = -3. Suppose -26 = -z*q + 16. Calculate the remainder when 27 is divided by q.
13
Let i = 171 - 82. Calculate the remainder when i is divided by 23.
20
Suppose -3*p = 4*n - 249 - 104, 0 = 3*n - 2*p - 269. What is the remainder when n is divided by 18?
17
Let m be 4/(-18) + 4/18. Suppose 47 = 2*b - 5*u, -1 = u - m*u. Calculate the remainder when b is divided by 12.
9
Calculate the remainder when 93 is divided by (12/24)/((-2)/(-96)).
21
Let l(x) = -x**2 - 15*x + 57. What is the remainder when 23 is divided by l(-18)?
2
Suppose -6 = -6*j + 3*j. Let d(f) = 3*f**2 - 2*f**2 + 4 - 9*f - 2*f**j. Calculate the remainder when 11 is divided by d(-9).
3
Let j = -11 + 5. Let s(b) = -b**3 - 4*b**2 + 7*b + 1. Let k be s(j). Suppose 3*q = k - 10. Calculate the remainder when 19 is divided by q.
5
Suppose 2*a + 3*h = 25, 0 = a - 0*h - 4*h + 15. Calculate the remainder when a is divided by (-4)/(-18) + (-50)/(-18).
2
Suppose -3*l - 3*a + 66 = 0, -5*l - 2*a + 5*a + 78 = 0. Calculate the remainder when 197 is divided by l.
17
Let t = 4 - -6. Suppose 3*f - 5*f = -t, 4*f - 125 = -5*q. What is the remainder when q is divided by 11?
10
Let f = 50 + -30. Suppose 2*k + 3*y = f + 31, -5*k - 4*y + 110 = 0. What is the remainder when 71 is divided by k?
17
Let o(m) = -m**3 + m**2 + m + 6. Calculate the remainder when 17 is divided by o(0).
5
Let t be 6*(-3)/(-6)*1. Suppose -21 = -c + 2*o, 0 = -0*c + 2*c + t*o - 7. What is the remainder when 32 is divided by c?
10
Suppose 8*q = 7*q - 6. Let s(i) = i**3 - 5*i**2 - 3*i - 7. Let u be s(6). Let b = u + q. Calculate the remainder when 9 is divided by b.
4
Suppose 0 = -4*b - 8*i + 3*i + 336, 5*b - 4*i = 379. Calculate the remainder when b is divided by 41.
38
Suppose 6 = -2*i, -2*q + 43 = -i - 0*i. Let c = -10 - -21. Calculate the remainder when q is divided by c.
9
Let c be 22/12 - (-1)/6. Calculate the remainder when 21 is divided by (12 - c)*4/5.
5
Let t = 6 - 3. Suppose 0 = t*m + m. Suppose m = -3*l - l + 24. What is the remainder when l is divided by 2?
0
Let x = -24 - -33. Calculate the remainder when x is divided by 4.
1
Suppose -312 = -4*i - x, 3*i - 5*i + x + 162 = 0. Calculate the remainder when i is divided by 28.
23
Suppose g - 1 = 1. Suppose -g*f + 40 = -f. Suppose 2*i - 2*r - 30 = 0, 3*i + 0*r = -2*r + 40. Calculate the remainder when f is divided by i.
12
Calculate the remainder when 25 is divided by ((-34)/7 + 2)*(-7)/2.
5
Let q be 4/(-18) + (-56)/(-9). Let y be (-1)/(3/q*-1). Let u = y - -17. Calculate the remainder when u is divided by 7.
5
Suppose 4*p - 2*p - 18 = 0. Let h(x) = 1. Let j(c) = -c + 27. Let a(z) = -2*h(z) + j(z). Calculate the remainder when a(0) is divided by p.
7
Let i be (0/(-3 + 2))/(-2). Suppose i = -l + 6*l - 155. Calculate the remainder when l is divided by (-53)/(-5) - (-5 - (-23)/5).
9
Let a = -31 - -49. What is the remainder when a is divided by 7?
4
What is the remainder when 22 is divided by (8/3)/((-161)/(-21) + -7)?
2
Let d be 9/(-4) + (-1)/(-4). Let a be (d/4)/(1/16). Calculate the remainder when 5 is divided by ((-6)/5)/(a/20).
2
Let q(w) = -2*w - 5. Let t be q(-4). Let c(y) = -4*y - 6. What is the remainder when (14/t)/(1/6) is divided by c(-4)?
8
What is the remainder when 12 is divided by 5/(5/(-7))*-1?
5
Suppose -18*t + 275 = -13*t. Calculate the remainder when t is divided by 16.
7
Calculate the remainder when 2 + 2 + 37 - -2 is divided by 11.
10
Let w(a) = 6*a**2 + 3*a. Let u be w(-3). Let l be (-12)/(-9)*u/6. Calculate the remainder when 21 is divided by l + (-3)/(-3) + 0.
10
Let r(z) = 4*z**2 + 2*z - 8. What is the remainder when r(5) is divided by 15?
12
Let d(u) = u**2 + 7*u + 8. Let h be d(-8). Suppose 2*a = 6*a - h. Let f(s) = s**3 + 6*s**2 + s + 8. Calculate the remainder when a is divided by f(-6).
0
Suppose -10 = 4*j + 50. Let s = j - -42. Calculate the remainder when s is divided by 10.
7
Let h = 33 - 22. Suppose 3*g = a + a + h, -4*g + a + 8 = 0. Suppose 4*v - 1 = 3. Calculate the remainder when v is divided by g.
0
Let n = 3 - -5. Calculate the remainder when 21/2*(3 - 1) is divided by n.
5
Suppose 5*p - 6*p - 2*w + 17 = 0, -3*w = p - 19. What is the remainder when p is divided by 3?
1
Let s be (27/(-3))/((-2)/2). Let c = 26 + s. Let y(x) = -10*x - 2. What is the remainder when c is divided by y(-2)?
17
Let o = -36 - -24. Suppose q + 3*p + 5 = 3*q, 0 = 4*q + 4*p. Calculate the remainder when 16 is divided by 1/(-2)*o/q.
4
Suppose 4*p + 81 = 7*p. Calculate the remainder when 106 is divided by p.
25
Suppose 4*u = 45 + 19. What is the remainder when u is divided by 9?
7
Suppose -3*h - 6 - 3 = 0. Suppose 0 = 3*q + 7 - 28. Let n = q + h. What is the remainder when 10 is divided by n?
2
Let h(c) be the second derivative of c**4 + c**3/6 + 2*c. Suppose 0 = -5*m - 2 - 3. What is the remainder when 32 is divided by h(m)?
10
Calculate the remainder when ((-4)/(-10))/(2/5) is divided by 1.
0
Let a be -96 + 1 - (6 + -4). What is the remainder when 8/12 - a/3 is divided by 12?
9
Let g be (-2)/4 + 18/4. Let p(u) = u**3 - 4*u**2 + 4*u - 6. What is the remainder when p(g) is divided by 6?
4
Let b be (-129)/(-12) + (-9)/12. Suppose b*i - 11 = 9*i. Calculate the remainder when 31 is divided by i.
9
Suppose -3*b + 4 - 10 = 0. Let m = 37 - 22. Let c = b + m. Calculate the remainder when c is divided by 8.
5
Let l(g) = g**3 + g**2 + 62. Suppose 0 = -2*j - 0*j. Calculate the remainder when l(j) is divided by 16.
14
Suppose -5*v + 12 = -43. Let z = -59 - -91. Calculate the remainder when z is divided by v.
10
Suppose -48*o + 42*o = -372. Calculate the remainder when o is divided by 32.
30
Let n be 6/(-4) - 98/4. Let s = n + 43. Calculate the remainder when s is divided by 5.
2
Let n(c) = -c**3 - 6*c**2 - 4*c - 9. Let v = -14 - -8. Suppose 3*z = -s + 50, 0 = -0*s + 4*s - 3*z - 245. What is the remainder when s is divided by n(v)?
14
Let a(f) = f**3 + 10*f**2 - f + 12. Suppose 7 = 5*v - 18. Calculate the remainder when a(-10) is divided by v.
2
Let m = -24 + 14. Calculate the remainder when 18 is divided by 1/2 - 95/m.
8
What is the remainder when ((-21)/6)/(-1*4/24) is divided by 11?
10
Let p = 101 + 38. What is the remainder when p is divided by 35?
34
Suppose 18 = -5*d + 118. Let s(i) = -9*i**3 + 2*i**2 + 3*i + 3. Calculate the remainder when s(-2) is divided by d.
17
Let r be (190 - -2) + (-6)/3. Suppose 4*x + r = 9*x. What is the remainder when x is divided by 10?
8
Suppose 29 + 3 = 2*w. Suppose 0 = -b - 5 + w. Calculate the remainder when b is divided by 6.
5
Let v = 122 + -78. Calculate the remainder when v is divided by 24.
20
Let i(g) = 75*g - 1. Let n be i(1). Let v = n - 50. Calculate the remainder when 69 is divided by v.
21
Suppose 0 = b + 2 - 1. What is the remainder when 42 is divided by b/(-4) - 174/(-8)?
20
Let i = -28 - -23. Let q = 11 - i. What is the remainder when (92 + 1)/(6/4) is divided by q?
14
Suppose 6*w - 8*w = 2*f - 24, 2*w - f - 39 = 0. Calculate the remainder when 168 is divided by w.
15
Let d = -15 + 22. Suppose 5*g = -9 + 109. Calculate the remainder when g is divided by d.
6
Calculate the remainder when 608/56 - (-1)/7 is divided by 4.
3
Suppose 5 = 4*l - 3. Suppose -62 = -4*p - l*s, -2*p + s + 4*s = -49. What is the remainder when 0/((-2)/1) - -33 is divided by p?
16
Suppose -2*a + 3 + 22 = 5*y, -4*a + 2*y + 14 = 0. Suppose a*q - 105 = 40. What is the remainder when q is divided by 10?
9
Suppose 2*l + 0*l = -4*u + 48, -5*l = 0. Let r = -33 + 47. Suppose -5*n + 2*d + r = -3*n, -5*d + 21 = 3*n. What is the remainder when u is divided by n?
5
Let l be 6/4*10/3. Suppose 8 + 0 = 2*k. Suppose a + 3*o = 7, 0 = a - l*a - k*o + 60. What is the remainder when 55 is divided by a?
17
Suppose -56 = -4*t - 5*p, 5*t + 4*p - 31 = 